{"id":4867,"date":"2025-07-01T10:23:31","date_gmt":"2025-07-01T09:23:31","guid":{"rendered":"https:\/\/www.apotheek-erica.nl\/online\/?post_type=product&#038;p=4867"},"modified":"2025-07-13T10:49:26","modified_gmt":"2025-07-13T09:49:26","slug":"evista","status":"publish","type":"product","link":"https:\/\/www.apotheek-erica.nl\/online\/evista\/","title":{"rendered":"Evista"},"content":{"rendered":"<h3>Qu&#8217;est-ce qu&#8217;Evista (Raloxif\u00e8ne) et comment fonctionne-t-il ?<\/h3>\n<p>Evista (Raloxif\u00e8ne) est un m\u00e9dicament qui est utilis\u00e9 pour pr\u00e9venir et traiter l&#8217;amincissement des os (ost\u00e9oporose) uniquement chez les femmes m\u00e9nopaus\u00e9es. Evista arr\u00eate la perte de masse osseuse qui peut se d\u00e9velopper chez les femmes m\u00e9nopaus\u00e9es et r\u00e9duit le risque de cancer du sein invasif en bloquant les \u0153strog\u00e8nes dans les tissus du sein et de l&#8217;ut\u00e9rus. Il est \u00e9galement utilis\u00e9 pour r\u00e9duire le risque de cancer du sein invasif chez les femmes m\u00e9nopaus\u00e9es qui souffrent d&#8217;ost\u00e9oporose ou qui sont \u00e0 risque de cancer du sein invasif.<\/p>\n<h3>Dosage et administration<\/h3>\n<p>Prenez-le oralement avec ou sans nourriture\/lait une fois tous les jours.<br \/>\nCommun\u00e9ment la dose pour les adultes est 60 mgs par jour. Car le meilleur r\u00e9sultat utilisent ce m\u00e9dicament avec le Calcium et\/ou la Vitamine D.<\/p>\n<p>Notez : cette instruction pr\u00e9sent\u00e9e ici juste pour la r\u00e9vision. Il est tr\u00e8s n\u00e9cessaire de s&#8217;entretenir avec votre m\u00e9decin traitant avant l&#8217;utilisation. Il a vous aide \u00e0 recevoir les meilleurs r\u00e9sultats.<\/p>\n<p>Informez votre m\u00e9decin si vous ressentez un effet secondaire qui vous g\u00eane ou qui ne dispara\u00eet pas.<\/p>\n<p>Ce ne sont pas tous les effets secondaires possibles d&#8217;Evista. Pour plus d&#8217;informations, demandez \u00e0 votre m\u00e9decin ou \u00e0 votre pharmacien.<\/p>\n<h3>Quels sont les avantages d&#8217;Evista ?<\/h3>\n<p>Evista est un traitement hormonal substitutif (THS) qui pr\u00e9sente les m\u00eames avantages hormonaux que les \u0153strog\u00e8nes, sans les probl\u00e8mes de sant\u00e9 associ\u00e9s. Il s&#8217;agit d&#8217;une pilule miracle, con\u00e7ue pour fonctionner en harmonie avec votre corps et vous aider \u00e0 vivre votre vie au maximum de ses possibilit\u00e9s.<\/p>\n<p>Les \u0153strog\u00e8nes prot\u00e8gent contre la perte osseuse chez les jeunes femmes. Cependant, l&#8217;\u0153strog\u00e9noth\u00e9rapie substitutive apr\u00e8s la m\u00e9nopause augmente le risque de cancer du sein et des ovaires. C&#8217;est l\u00e0 qu&#8217;Evista entre en jeu. Modulateur s\u00e9lectif des r\u00e9cepteurs d&#8217;\u0153strog\u00e8nes (<a href=\"https:\/\/www.apotheek-erica.nl\/online\/nolvadex\/\" data-internallinksmanager029f6b8e52c=\"73\" title=\"Nolvadex\">SERM<\/a>) est le nom du m\u00e9dicament. Il est utilis\u00e9 pour le traitement ou la prophylaxie de l&#8217;ost\u00e9oporose.<\/p>\n<p>En plus de leur effet protecteur sur les os, de nombreux cardiologues pensaient que les \u0153strog\u00e8nes prot\u00e9geaient \u00e9galement le c\u0153ur. Le raisonnement \u00e9tait le suivant : les femmes n&#8217;ont g\u00e9n\u00e9ralement pas de crise cardiaque avant la m\u00e9nopause, lorsqu&#8217;elles cessent de produire des \u0153strog\u00e8nes.<\/p>\n","protected":false},"excerpt":{"rendered":"<p><strong>Algemeen gebruik<\/strong>Evista (Raloxifeen) is een geneesmiddel dat alleen bij postmenopauzale vrouwen wordt gebruikt om het dunner worden van de botten (osteoporose) te helpen voorkomen en te verhelpen. Evista stopt het botverlies dat zich bij vrouwen na de menopauze kan ontwikkelen en vermindert het risico op invasieve borstkanker door oestrogeen in borst- en baarmoederweefsel te blokkeren. Het wordt ook gebruikt om het risico op invasieve borstkanker te verminderen bij postmenopauzale vrouwen die osteoporose hebben of die risico lopen op invasieve borstkanker.<\/p>\n<h3>Prijs van Evista<\/h3>\n<p>De kosten van Evista vari\u00ebren van \u20ac 0,97 tot \u20ac 1,59 per pil. U kunt Evista volledig anoniem bestellen via onze website. Levering per post is ook mogelijk.<\/p>\n","protected":false},"featured_media":4865,"comment_status":"open","ping_status":"closed","template":"","meta":[],"product_brand":[],"product_cat":[868],"product_tag":[],"class_list":{"0":"post-4867","1":"product","2":"type-product","3":"status-publish","4":"has-post-thumbnail","6":"product_cat-angstmens-healthvrouwelijke-gezondheid","7":"pa_actief-ingredient-raloxifene","8":"sales-flash-overlay","9":"woocommerce-text-align-center","10":"woocommerce-image-align-center","12":"first","13":"instock","14":"shipping-taxable","15":"product-type-external"},"amp_enabled":true,"_links":{"self":[{"href":"https:\/\/www.apotheek-erica.nl\/online\/wp-json\/wp\/v2\/product\/4867","targetHints":{"allow":["GET"]}}],"collection":[{"href":"https:\/\/www.apotheek-erica.nl\/online\/wp-json\/wp\/v2\/product"}],"about":[{"href":"https:\/\/www.apotheek-erica.nl\/online\/wp-json\/wp\/v2\/types\/product"}],"replies":[{"embeddable":true,"href":"https:\/\/www.apotheek-erica.nl\/online\/wp-json\/wp\/v2\/comments?post=4867"}],"wp:featuredmedia":[{"embeddable":true,"href":"https:\/\/www.apotheek-erica.nl\/online\/wp-json\/wp\/v2\/media\/4865"}],"wp:attachment":[{"href":"https:\/\/www.apotheek-erica.nl\/online\/wp-json\/wp\/v2\/media?parent=4867"}],"wp:term":[{"taxonomy":"product_brand","embeddable":true,"href":"https:\/\/www.apotheek-erica.nl\/online\/wp-json\/wp\/v2\/product_brand?post=4867"},{"taxonomy":"product_cat","embeddable":true,"href":"https:\/\/www.apotheek-erica.nl\/online\/wp-json\/wp\/v2\/product_cat?post=4867"},{"taxonomy":"product_tag","embeddable":true,"href":"https:\/\/www.apotheek-erica.nl\/online\/wp-json\/wp\/v2\/product_tag?post=4867"}],"curies":[{"name":"wp","href":"https:\/\/api.w.org\/{rel}","templated":true}]}}