{"id":4882,"date":"2025-07-07T10:32:15","date_gmt":"2025-07-07T09:32:15","guid":{"rendered":"https:\/\/www.apotheek-erica.nl\/online\/?post_type=product&#038;p=4882"},"modified":"2025-07-07T10:32:15","modified_gmt":"2025-07-07T09:32:15","slug":"eurax","status":"publish","type":"product","link":"https:\/\/www.apotheek-erica.nl\/online\/eurax\/","title":{"rendered":"Eurax"},"content":{"rendered":"<h3>Wat is Eurax (crotamiton)?<\/h3>\n<p>Eurax (crotamiton) is een krachtige <a href=\"https:\/\/www.apotheek-erica.nl\/online\/stromectol\/\" data-internallinksmanager029f6b8e52c=\"145\" title=\"Ivermectine (Stromectol)\">antiparasitaire<\/a> cr\u00e8me die wordt gebruikt om bepaalde parasieten te doden die in uw huid leven of eitjes leggen. Het wordt vaak gebruikt om schurft te behandelen en de jeuk te verminderen die gepaard gaat met veel huidaandoeningen.<\/p>\n<h3>Waarschuwingen<\/h3>\n<p>Spray Eurax niet rechtstreeks in uw mond of op uw huid. Gebruik een zo klein mogelijke hoeveelheid voor het beste resultaat en was het onmiddellijk uit als u het in uw ogen of op andere gevoelige plaatsen krijgt. Behandel seksuele contacten en andere nauwe contacten die ook besmet zijn. Was alle kleding, hoeden, beddengoed, lakens, haarborstels en kammen met warm water en zeep om herinfectie te voorkomen.<\/p>\n<p>Lees voor het gebruik van Eurax de volledige ingredi\u00ebntenlijst. Als u zwanger bent of borstvoeding geeft, raadpleeg dan een arts voordat u dit product gebruikt. Gebruik dit product niet als u allergisch bent voor \u00e9\u00e9n van de ingredi\u00ebnten.<\/p>\n<p>Eurax wordt niet aanbevolen voor kinderen jonger dan 6 maanden of zuigelingen jonger dan 2 maanden vanwege het mogelijke risico op bloedarmoede.<\/p>\n<h3>Hoe gebruikt u Eurax<\/h3>\n<p>Gebruik Eurax zoals voorgeschreven door uw arts.<\/p>\n<p>Was en droog uw huid grondig voordat u Evrax gebruikt.<\/p>\n<p>Goed schudden voordat u een dosis gebruikt.<\/p>\n<p>Bij schurft: Breng een voldoende hoeveelheid van het geneesmiddel aan op het hele lichaam, vanaf de kin naar beneden. Zorg ervoor dat u het geneesmiddel aanbrengt in alle plooien en vouwen van het lichaam, bijvoorbeeld tussen de vingers en tenen, onder de armen en in de liezen. Wrijf het geneesmiddel goed in. Breng het geneesmiddel na 24 uur een tweede keer aan, tenzij uw arts u anders adviseert. Ga niet in bad voordat u de tweede dosis aanbrengt. Verschoon uw kleding en beddengoed de volgende ochtend. Kleding en beddengoed moeten chemisch gereinigd worden of op een warm programma in de wasmachine worden gewassen. Baden om de medicatie te verwijderen 48 uur na de tweede dosis.<\/p>\n<p>Bij jeuk &#8211; Zachtjes in de getroffen gebieden wrijven tot het volledig geabsorbeerd is. Handen wassen na gebruik, tenzij uw handen deel uitmaken van het behandelde gebied.<\/p>\n<h3>Bijwerkingen<\/h3>\n<p>Deze topische cr\u00e8me kan ernstige bijwerkingen veroorzaken en u moet onmiddellijk contact opnemen met uw arts als u die ondervindt. Dit geneesmiddel kan ook een wisselwerking hebben met andere geneesmiddelen die u gebruikt, dus u moet met uw arts praten voordat u het gebruikt. Bel uw arts of apotheker als de bijwerkingen aanhouden.<\/p>\n","protected":false},"excerpt":{"rendered":"<p>Eurax is een topische behandeling voor de symptomen van schurft en wordt ook gebruikt om de jeuk te verlichten die vaak met deze aandoening gepaard gaat. Eurax mag niet worden toegepast op beschadigde huid of slijmvliezen. Als u een huidbarri\u00e8recr\u00e8me gebruikt, moet deze worden verwijderd voordat u Eurax gebruikt.<\/p>\n<h3>Prijs van Eurax<\/h3>\n<p>De prijs van Eurax is ongeveer \u20ac 29,3 tot \u20ac 193,4 per cr\u00e8me. U kunt Evista bestellen via de link op onze website, onder voorbehoud van volledige anonimiteit.<\/p>\n","protected":false},"featured_media":4822,"comment_status":"open","ping_status":"closed","template":"","meta":[],"product_brand":[],"product_cat":[53],"product_tag":[],"class_list":{"0":"post-4882","1":"product","2":"type-product","3":"status-publish","4":"has-post-thumbnail","6":"product_cat-skincare","7":"pa_actief-ingredient-crotamiton","8":"sales-flash-overlay","9":"woocommerce-text-align-center","10":"woocommerce-image-align-center","12":"first","13":"instock","14":"shipping-taxable","15":"product-type-external"},"amp_enabled":true,"_links":{"self":[{"href":"https:\/\/www.apotheek-erica.nl\/online\/wp-json\/wp\/v2\/product\/4882","targetHints":{"allow":["GET"]}}],"collection":[{"href":"https:\/\/www.apotheek-erica.nl\/online\/wp-json\/wp\/v2\/product"}],"about":[{"href":"https:\/\/www.apotheek-erica.nl\/online\/wp-json\/wp\/v2\/types\/product"}],"replies":[{"embeddable":true,"href":"https:\/\/www.apotheek-erica.nl\/online\/wp-json\/wp\/v2\/comments?post=4882"}],"wp:featuredmedia":[{"embeddable":true,"href":"https:\/\/www.apotheek-erica.nl\/online\/wp-json\/wp\/v2\/media\/4822"}],"wp:attachment":[{"href":"https:\/\/www.apotheek-erica.nl\/online\/wp-json\/wp\/v2\/media?parent=4882"}],"wp:term":[{"taxonomy":"product_brand","embeddable":true,"href":"https:\/\/www.apotheek-erica.nl\/online\/wp-json\/wp\/v2\/product_brand?post=4882"},{"taxonomy":"product_cat","embeddable":true,"href":"https:\/\/www.apotheek-erica.nl\/online\/wp-json\/wp\/v2\/product_cat?post=4882"},{"taxonomy":"product_tag","embeddable":true,"href":"https:\/\/www.apotheek-erica.nl\/online\/wp-json\/wp\/v2\/product_tag?post=4882"}],"curies":[{"name":"wp","href":"https:\/\/api.w.org\/{rel}","templated":true}]}}