{"id":4908,"date":"2025-07-09T18:49:20","date_gmt":"2025-07-09T17:49:20","guid":{"rendered":"https:\/\/www.apotheek-erica.nl\/online\/?post_type=product&#038;p=4908"},"modified":"2025-07-09T18:49:20","modified_gmt":"2025-07-09T17:49:20","slug":"baclofen","status":"publish","type":"product","link":"https:\/\/www.apotheek-erica.nl\/online\/baclofen\/","title":{"rendered":"Baclofen"},"content":{"rendered":"<h3>Qu&#8217;est-ce que le Baclof\u00e8ne (Lioresal) ?<\/h3>\n<p>Le baclof\u00e8ne est un agoniste de la sous-unit\u00e9 b\u00eata de l&#8217;acide gamma-aminobutyrique (ou GABA) sur les neurones mono et polysynaptiques au niveau de la moelle \u00e9pini\u00e8re et du cerveau. A titre d&#8217;information, un agoniste est une substance qui provoque ou initie une r\u00e9ponse physiologique lorsqu&#8217;elle est associ\u00e9e \u00e0 un r\u00e9cepteur.<br \/>\nLe baclof\u00e8ne est utilis\u00e9 pour traiter la spasticit\u00e9, l&#8217;hyperactivit\u00e9 musculaire et comme anti\u00e9m\u00e9tique. Il a \u00e9galement \u00e9t\u00e9 utilis\u00e9 pour r\u00e9duire ou contr\u00f4ler la consommation d&#8217;alcool, l&#8217;anxi\u00e9t\u00e9 et la d\u00e9pression.<\/p>\n<h3>Indications et contre-indications<\/h3>\n<p>Le baclof\u00e8ne est utilis\u00e9 dans les \u00e9tats douloureux chroniques tels que la <a href=\"https:\/\/www.apotheek-erica.nl\/online\/cymbalta\/\" data-internallinksmanager029f6b8e52c=\"164\" title=\"Cymbalta\">fibromyalgie<\/a> et la neuropathie diab\u00e9tique, ainsi que comme traitement du syndrome de sevrage alcoolique. Le baclof\u00e8ne est parfois associ\u00e9 \u00e0 un analg\u00e9sique opio\u00efde pour obtenir une analg\u00e9sie puissante sans les effets secondaires.<\/p>\n<p>En ce qui concerne les indications ou les raisons pour lesquelles nous prescrivons ce m\u00e9dicament \u00e0 un patient, nous le voyons le plus souvent utilis\u00e9 pour le traitement de la spasticit\u00e9, et il existe \u00e9galement des utilisations non indiqu\u00e9es sur l&#8217;\u00e9tiquette, comme la d\u00e9pendance \u00e0 l&#8217;alcool, le hoquet r\u00e9fractaire, le syndrome de l&#8217;homme raide ou la n\u00e9vralgie du trijumeau.<\/p>\n<p>En ce qui concerne les contre-indications ou les raisons pour lesquelles nous ne pourrions pas prescrire le Baclof\u00e8ne, eh bien, nous ne donnerions pas ce m\u00e9dicament \u00e0 un patient pr\u00e9sentant une hypersensibilit\u00e9 au Baclof\u00e8ne ou \u00e0 tout autre composant du produit. De plus, l&#8217;utilisation intrath\u00e9cale est recommand\u00e9e uniquement avec l&#8217;injectable, la solution injectable. Il n&#8217;est donc pas recommand\u00e9 de l&#8217;utiliser par voie intraveineuse, \u00e9pidurale, sous-cutan\u00e9e ou intramusculaire. L&#8217;intrath\u00e9cal est une injection dans le canal rachidien ou dans l&#8217;espace sous-arachno\u00efdien afin qu&#8217;il atteigne le liquide c\u00e9phalo-rachidien.<\/p>\n<h3>Dosage et administration<\/h3>\n<p>Il existe de nombreuses formes de dosage du Baclof\u00e8ne, et il est administr\u00e9 par injection, par voie intraveineuse, par voie intrap\u00e9riton\u00e9ale, par voie intramusculaire.Le Baclof\u00e8ne est g\u00e9n\u00e9ralement administr\u00e9 \u00e0 jeun pour \u00e9viter toute irritation gastrique.<\/p>\n<p>Les doses sont g\u00e9n\u00e9ralement comprises entre 50 et 200 mg\/kg de poids corporel pour la s\u00e9dation et jusqu&#8217;\u00e0 800 mg\/kg de poids corporel pour la relaxation musculaire. La dose habituelle \u00e0 utiliser comme pr\u00e9m\u00e9dication est d&#8217;environ 25 \u00e0 50 mg\/kg de poids corporel administr\u00e9s par voie intraveineuse environ 30 minutes avant l&#8217;intervention chirurgicale pr\u00e9vue. La dose maximale est d&#8217;environ 5,6 grammes par jour.<\/p>\n<h3>Effets secondaires<\/h3>\n<p>Comme pour tous les m\u00e9dicaments, il existe des effets secondaires ou des r\u00e9actions ind\u00e9sirables que les patients peuvent ressentir lors de l&#8217;utilisation du Baclof\u00e8ne. Certains patients peuvent ressentir une somnolence ou des \u00e9tourdissements, ainsi qu&#8217;une faiblesse ou une fatigue. Un mal de t\u00eate peut survenir ainsi que des troubles du sommeil. Des naus\u00e9es et une augmentation des mictions sont possibles, et enfin une constipation.<\/p>\n<p>Le baclof\u00e8ne est un m\u00e9dicament qui est utilis\u00e9 pour soulager les spasmes musculaires et contribuer au soulagement de la douleur. Il peut \u00eatre administr\u00e9 par voie orale, par injection intraveineuse ou par injection intramusculaire. Lorsqu&#8217;il est administr\u00e9 par voie orale, il ne n\u00e9cessite aucune formulation particuli\u00e8re.<\/p>\n","protected":false},"excerpt":{"rendered":"<p>Baclofen is een geneesmiddel dat wordt gebruikt om spierkrampen te verlichten en de pijn te verzachten. Het kan oraal, intraveneus of intramusculair worden toegediend. Bij orale toediening is geen speciale formulering nodig.<\/p>\n<h3>Prijs van Baclofen<\/h3>\n<p>De kosten van Baclofen vari\u00ebren van \u20ac42,4 tot \u20ac413,2 per pil. Dit hangt af van het soort product (bijvoorbeeld tabletten of vloeistof) en de hoeveelheid werkzame stof per eenheid (10 of 25 mg). U kunt Baclofen bestellen via de link op onze website.<\/p>\n","protected":false},"featured_media":4778,"comment_status":"open","ping_status":"closed","template":"","meta":[],"product_brand":[],"product_cat":[15,864],"product_tag":[],"class_list":{"0":"post-4908","1":"product","2":"type-product","3":"status-publish","4":"has-post-thumbnail","6":"product_cat-uncategorized","7":"product_cat-andere","8":"sales-flash-overlay","9":"woocommerce-text-align-center","10":"woocommerce-image-align-center","12":"first","13":"instock","14":"shipping-taxable","15":"product-type-external"},"amp_enabled":true,"_links":{"self":[{"href":"https:\/\/www.apotheek-erica.nl\/online\/wp-json\/wp\/v2\/product\/4908","targetHints":{"allow":["GET"]}}],"collection":[{"href":"https:\/\/www.apotheek-erica.nl\/online\/wp-json\/wp\/v2\/product"}],"about":[{"href":"https:\/\/www.apotheek-erica.nl\/online\/wp-json\/wp\/v2\/types\/product"}],"replies":[{"embeddable":true,"href":"https:\/\/www.apotheek-erica.nl\/online\/wp-json\/wp\/v2\/comments?post=4908"}],"wp:featuredmedia":[{"embeddable":true,"href":"https:\/\/www.apotheek-erica.nl\/online\/wp-json\/wp\/v2\/media\/4778"}],"wp:attachment":[{"href":"https:\/\/www.apotheek-erica.nl\/online\/wp-json\/wp\/v2\/media?parent=4908"}],"wp:term":[{"taxonomy":"product_brand","embeddable":true,"href":"https:\/\/www.apotheek-erica.nl\/online\/wp-json\/wp\/v2\/product_brand?post=4908"},{"taxonomy":"product_cat","embeddable":true,"href":"https:\/\/www.apotheek-erica.nl\/online\/wp-json\/wp\/v2\/product_cat?post=4908"},{"taxonomy":"product_tag","embeddable":true,"href":"https:\/\/www.apotheek-erica.nl\/online\/wp-json\/wp\/v2\/product_tag?post=4908"}],"curies":[{"name":"wp","href":"https:\/\/api.w.org\/{rel}","templated":true}]}}