{"id":4918,"date":"2025-07-12T00:42:04","date_gmt":"2025-07-11T23:42:04","guid":{"rendered":"https:\/\/www.apotheek-erica.nl\/online\/?post_type=product&#038;p=4918"},"modified":"2025-07-12T00:42:04","modified_gmt":"2025-07-11T23:42:04","slug":"zantac","status":"publish","type":"product","link":"https:\/\/www.apotheek-erica.nl\/online\/zantac\/","title":{"rendered":"Zantac"},"content":{"rendered":"<h3>A quoi sert la Ranitidine (Zantac) ?<\/h3>\n<p>La ranitidine (Zantac) appartient \u00e0 une cat\u00e9gorie de m\u00e9dicaments appel\u00e9s bloqueurs H2. Elle inhibe l&#8217;action de l&#8217;histamine sur les r\u00e9cepteurs H2, qui se trouvent sur les cellules pari\u00e9tales de l&#8217;estomac ; cette action r\u00e9duit la s\u00e9cr\u00e9tion d&#8217;acide gastrique. Elle est donc utilis\u00e9e dans la pr\u00e9vention et le traitement des ulc\u00e8res duod\u00e9naux et gastriques, des br\u00fblures d&#8217;estomac, des indigestions acides et du reflux gastro-\u0153sophagien, ou RGO. Il est \u00e9galement utilis\u00e9 pour les ulc\u00e8res induits par le stress et les ulc\u00e8res induits par l&#8217;utilisation de m\u00e9dicaments anti-inflammatoires non st\u00e9ro\u00efdiens, et \u00e9galement utilis\u00e9 en association avec l&#8217;amoxacilline et la clarithromycine dans le traitement de Helicobacter pylori.<\/p>\n<h3>Posologie<\/h3>\n<p>La ranitidine est connue dans le commerce sous le nom de Zantac, et il existe de nombreux autres noms commerciaux, utilisez donc l&#8217;index des m\u00e9dicaments de votre pays pour les conna\u00eetre tous. Elle est disponible sous forme de comprim\u00e9s et de g\u00e9lules \u00e0 des concentrations de 75, 150 et 300 milligrammes ; et sous forme de sirop, 15 milligrammes par millilitre ; et sous forme d&#8217;injection, 25 milligrammes par millilitre, et \u00e9galement disponible sous forme effervescente.<\/p>\n<p>La dose orale de ZANTAC actuellement recommand\u00e9e pour les adultes est de 150 mg, deux fois par jour. Cependant, il est important de se rappeler que votre m\u00e9decin peut vous sugg\u00e9rer de prendre ZANTAC \u00e0 une dose plus \u00e9lev\u00e9e ou de le prendre plus souvent. La dose quotidienne maximale est de 300 mg. Il est important de suivre les instructions de votre m\u00e9decin pour prendre ZANTAC. Selon la gravit\u00e9 de votre maladie, vous devrez peut-\u00eatre prendre ZANTAC plus souvent ou moins souvent.<\/p>\n<p>Prenez la Ranitidine au moins 30 minutes ou une heure avant les repas, ou une fois par jour au coucher. Elle peut \u00e9galement \u00eatre utilis\u00e9e en injection intraveineuse ou intramusculaire.<\/p>\n<h3>Effets secondaires<\/h3>\n<p>Les effets secondaires courants de la ranitidine sont : maux de t\u00eate, naus\u00e9es et vomissements, diarrh\u00e9e ou constipation. Ces effets secondaires sont l\u00e9gers et temporaires.<\/p>\n<p>Certains des effets secondaires \u00e0 long terme du Zantac sont les suivants : Troubles du syst\u00e8me sanguin : des cas r\u00e9versibles d&#8217;an\u00e9mie, de leucop\u00e9nie, de granulocytop\u00e9nie et de thrombocytop\u00e9nie, ainsi que des causes plus graves d&#8217;agranulocytose, de pancytop\u00e9nie ou de neutrop\u00e9nie, ont \u00e9t\u00e9 signal\u00e9s.<\/p>\n<p>La ranitidine est contre-indiqu\u00e9e en cas de dysfonctionnement h\u00e9patique et r\u00e9nal, la dose doit donc \u00eatre surveill\u00e9e en cas de maladies r\u00e9nales ou h\u00e9patiques.<\/p>\n<h3>Que dois-je savoir lorsque je prends de la ranitidine ?<\/h3>\n<p>Quelques conseils aux patients qui prennent de la ranitidine. \u00c9vitez de consommer de l&#8217;alcool et de fumer, car cela peut aggraver le cas. Ne prenez pas d&#8217;antiacides en m\u00eame temps que le m\u00e9dicament ; s\u00e9parez l&#8217;administration d&#8217;au moins une heure. Si vous remarquez les sympt\u00f4mes suivants, signalez-les \u00e0 votre m\u00e9decin : douleurs abdominales, naus\u00e9es, vomissements, changement de couleur ou de consistance des selles, selles noires ou vomissements de marc de caf\u00e9. En g\u00e9n\u00e9ral, \u00e9vitez de prendre de la ranitidine pendant plus de deux semaines, \u00e0 moins que les sympt\u00f4mes ne persistent ; consultez alors votre m\u00e9decin.<\/p>\n<p>&nbsp;<\/p>\n","protected":false},"excerpt":{"rendered":"<p>Zantac is een H2-histaminereceptorblokker. Het onderdrukt overdag en &#8216;s nachts de secretie van HCl (basaal en gestimuleerd), vermindert de hoeveelheid maagsap door diffusie uit de maag met voedselbelasting, en door de werking van hormonen en biogene stimulansen zoals gastrine, histamine, acetylcholine, pentagastrine, cafe\u00efne. Dit geneesmiddel wordt gebruikt voor de behandeling en preventie van maag- en twaalfvingerige darmzweren, gastro-intestinale aandoeningen veroorzaakt door NSAID&#8217;s, brandend maagzuur, hypersecretie van maagsap, symptomatische zweren, zweren veroorzaakt door stress, erosieve oesofagitis, reflux oesofagitis, Zollinger-Ellison syndroom en andere aandoeningen.<\/p>\n<h3>Prijs van Zantac<\/h3>\n<p>De prijs van Zantac varieert van 24,9 tot 73,9 euro per tablet. Dit is afhankelijk van het soort product (bijvoorbeeld pillen of vloeistof) en de hoeveelheid werkzame stoffen per eenheid (150 of 300 mg). U kunt Zantac kopen door op onderstaande link te klikken.<\/p>\n","protected":false},"featured_media":4467,"comment_status":"open","ping_status":"closed","template":"","meta":[],"product_brand":[],"product_cat":[873],"product_tag":[],"class_list":{"0":"post-4918","1":"product","2":"type-product","3":"status-publish","4":"has-post-thumbnail","6":"product_cat-gastro-intestinale","7":"pa_actief-ingredient-ranitidine","8":"sales-flash-overlay","9":"woocommerce-text-align-center","10":"woocommerce-image-align-center","12":"first","13":"instock","14":"shipping-taxable","15":"product-type-external"},"amp_enabled":true,"_links":{"self":[{"href":"https:\/\/www.apotheek-erica.nl\/online\/wp-json\/wp\/v2\/product\/4918","targetHints":{"allow":["GET"]}}],"collection":[{"href":"https:\/\/www.apotheek-erica.nl\/online\/wp-json\/wp\/v2\/product"}],"about":[{"href":"https:\/\/www.apotheek-erica.nl\/online\/wp-json\/wp\/v2\/types\/product"}],"replies":[{"embeddable":true,"href":"https:\/\/www.apotheek-erica.nl\/online\/wp-json\/wp\/v2\/comments?post=4918"}],"wp:featuredmedia":[{"embeddable":true,"href":"https:\/\/www.apotheek-erica.nl\/online\/wp-json\/wp\/v2\/media\/4467"}],"wp:attachment":[{"href":"https:\/\/www.apotheek-erica.nl\/online\/wp-json\/wp\/v2\/media?parent=4918"}],"wp:term":[{"taxonomy":"product_brand","embeddable":true,"href":"https:\/\/www.apotheek-erica.nl\/online\/wp-json\/wp\/v2\/product_brand?post=4918"},{"taxonomy":"product_cat","embeddable":true,"href":"https:\/\/www.apotheek-erica.nl\/online\/wp-json\/wp\/v2\/product_cat?post=4918"},{"taxonomy":"product_tag","embeddable":true,"href":"https:\/\/www.apotheek-erica.nl\/online\/wp-json\/wp\/v2\/product_tag?post=4918"}],"curies":[{"name":"wp","href":"https:\/\/api.w.org\/{rel}","templated":true}]}}