{"id":5001,"date":"2025-07-08T13:14:29","date_gmt":"2025-07-08T12:14:29","guid":{"rendered":"https:\/\/www.apotheek-erica.nl\/online\/?post_type=product&#038;p=5001"},"modified":"2025-07-08T13:14:29","modified_gmt":"2025-07-08T12:14:29","slug":"keftab","status":"publish","type":"product","link":"https:\/\/www.apotheek-erica.nl\/online\/keftab\/","title":{"rendered":"Keftab"},"content":{"rendered":"<h3>Wat is Keftab?<\/h3>\n<p>Keftab (<a href=\"https:\/\/www.apotheek-erica.nl\/online\/cephalexin\/\" data-internallinksmanager029f6b8e52c=\"195\" title=\"Cephalexin\">Cephalexin<\/a>) is een cefalosporine <a href=\"https:\/\/www.apotheek-erica.nl\/online\/doxycycline\/\" data-internallinksmanager029f6b8e52c=\"90\" title=\"Doxycycline\">antibioticum<\/a>. Het vernietigt, bestrijdt en stopt de groei van bepaalde bacteri\u00ebn in het lichaam. Dit geneesmiddel wordt gebruikt voor de behandeling van verschillende soorten infecties, waaronder infecties van de bovenste luchtwegen, oorinfecties, huidinfecties en infecties van de urinewegen. Het is niet werkzaam tegen verkoudheid, griep of andere virale infecties.<\/p>\n<h3>Dosering en toediening<\/h3>\n<p>Neem het geneesmiddel precies in zoals voorgeschreven door uw arts. Neem geen hogere dosis of neem het niet langer in dan aanbevolen door uw arts. Volg de instructies op uw schema. Neem Keftab in met een vol glas water. Los de Keftab oplosbare tablet op in een kleine hoeveelheid water, ongeveer 2 theelepels. Meng het mengsel en drink het direct op. Om er zeker van te zijn dat u de volledige dosis krijgt, voegt u een beetje meer water toe aan hetzelfde glas, roer voorzichtig en drink onmiddellijk op. De oplosbare tablet niet doorslikken of kauwen. Neem Keftab zolang in als uw arts voorschrijft. Uw symptomen kunnen verbeteren voordat de infectie verdwijnt, dus stop niet met het innemen van het geneesmiddel.<\/p>\n<h3>Voorzorgsmaatregelen voor gebruik<\/h3>\n<p>Het gebruik van dit geneesmiddel wordt afgeraden als u allergisch bent voor cefalexine of soortgelijke <a href=\"https:\/\/www.apotheek-erica.nl\/online\/minocycline\/\" data-internallinksmanager029f6b8e52c=\"52\" title=\"Minocycline\">antibiotica<\/a> (Ceclor, Ceftin, Cefzil, Duricef, Fortaz, Omnicef, Spectracef, Suprax en andere). Vertel het uw arts voordat u Keftab gaat gebruiken als u allergisch bent voor geneesmiddelen (vooral penicillines), of als u een nier- of leverziekte heeft, maag- of darmproblemen zoals colitis, suikerziekte, of als u ondervoed bent.<\/p>\n<p>Sommige geneesmiddelen kunnen een wisselwerking hebben met bepaalde voedingsmiddelen. In sommige gevallen kan dit schadelijk zijn en kan uw arts u adviseren bepaalde voedingsmiddelen te vermijden. In het geval van Keftab zijn er geen specifieke voedingsmiddelen die u van uw dieet moet uitsluiten wanneer u cefalexine krijgt.<\/p>\n<h3>Bijwerkingen<\/h3>\n<p>Veel voorkomende bijwerkingen van cefalexine zijn<\/p>\n<ul>\n<li>maagpijn<\/li>\n<li>diarree<\/li>\n<li>braken<\/li>\n<li>maagkrampen<\/li>\n<li>koorts<\/li>\n<li>lichte huiduitslag<\/li>\n<\/ul>\n<p>Dit is geen volledige lijst van bijwerkingen van cefalexine. Vraag uw arts of apotheker om meer informatie.<\/p>\n","protected":false},"excerpt":{"rendered":"<p>Keftab (Cephalexin) wordt gebruikt om een breed scala van infecties veroorzaakt door vatbare micro-organismen te behandelen. Keftab wordt voorgeschreven voor luchtweginfecties, ge\u00efnfecteerde bronchi\u00ebctasie\u00ebn en infecties van de geslachtsorganen. Het wordt ook gebruikt voor de behandeling van infecties van huid en weke delen, waaronder infecties veroorzaakt door stafylokokken, streptokokken en Pseudomonas aeruginosa. Het is gecontra-indiceerd bij de behandeling van bepaalde soorten kanker, lever- of nierziekten.<\/p>\n<h3>Prijs van Keftab<\/h3>\n<p>De kosten van Keftab vari\u00ebren van 30,5 tot 492,0 euro per tablet. Dit is afhankelijk van de grootte van de verpakking en de hoeveelheid werkzame stof (125 of 750 mg). U kunt Keftab bestellen via de link op onze website.<\/p>\n","protected":false},"featured_media":4102,"comment_status":"open","ping_status":"closed","template":"","meta":[],"product_brand":[],"product_cat":[886],"product_tag":[],"class_list":{"0":"post-5001","1":"product","2":"type-product","3":"status-publish","4":"has-post-thumbnail","6":"product_cat-antibiotica","7":"pa_actief-ingredient-cephalexin","8":"sales-flash-overlay","9":"woocommerce-text-align-center","10":"woocommerce-image-align-center","12":"first","13":"instock","14":"shipping-taxable","15":"product-type-external"},"amp_enabled":true,"_links":{"self":[{"href":"https:\/\/www.apotheek-erica.nl\/online\/wp-json\/wp\/v2\/product\/5001","targetHints":{"allow":["GET"]}}],"collection":[{"href":"https:\/\/www.apotheek-erica.nl\/online\/wp-json\/wp\/v2\/product"}],"about":[{"href":"https:\/\/www.apotheek-erica.nl\/online\/wp-json\/wp\/v2\/types\/product"}],"replies":[{"embeddable":true,"href":"https:\/\/www.apotheek-erica.nl\/online\/wp-json\/wp\/v2\/comments?post=5001"}],"wp:featuredmedia":[{"embeddable":true,"href":"https:\/\/www.apotheek-erica.nl\/online\/wp-json\/wp\/v2\/media\/4102"}],"wp:attachment":[{"href":"https:\/\/www.apotheek-erica.nl\/online\/wp-json\/wp\/v2\/media?parent=5001"}],"wp:term":[{"taxonomy":"product_brand","embeddable":true,"href":"https:\/\/www.apotheek-erica.nl\/online\/wp-json\/wp\/v2\/product_brand?post=5001"},{"taxonomy":"product_cat","embeddable":true,"href":"https:\/\/www.apotheek-erica.nl\/online\/wp-json\/wp\/v2\/product_cat?post=5001"},{"taxonomy":"product_tag","embeddable":true,"href":"https:\/\/www.apotheek-erica.nl\/online\/wp-json\/wp\/v2\/product_tag?post=5001"}],"curies":[{"name":"wp","href":"https:\/\/api.w.org\/{rel}","templated":true}]}}