{"id":5008,"date":"2025-07-02T16:00:36","date_gmt":"2025-07-02T15:00:36","guid":{"rendered":"https:\/\/www.apotheek-erica.nl\/online\/?post_type=product&#038;p=5008"},"modified":"2025-07-13T10:49:24","modified_gmt":"2025-07-13T09:49:24","slug":"augmentin","status":"publish","type":"product","link":"https:\/\/www.apotheek-erica.nl\/online\/augmentin\/","title":{"rendered":"Augmentin"},"content":{"rendered":"<h3 id=\"7a0e5c27-de43-4649-ac0a-f4a94b0d7540\" class=\"quill-block\">Wat is Augmentin?<\/h3>\n<p id=\"7a0e5c27-de43-4649-ac0a-f4a94b0d7540\" class=\"quill-block\">Augmentin is een <a href=\"https:\/\/www.apotheek-erica.nl\/online\/doxycycline\/\" data-internallinksmanager029f6b8e52c=\"90\" title=\"Doxycycline\">breedspectrum<\/a> antibioticum dat bacteri\u00ebn doodt. Augmentin is een receptgeneesmiddel dat twee geneesmiddelen bevat, <a href=\"https:\/\/www.apotheek-erica.nl\/online\/amoxil\/\" data-internallinksmanager029f6b8e52c=\"2\" title=\"Amoxil\">amoxicillin<\/a>e en clavulanaat-kalium. Het is werkzaam tegen vele aerobe (groeit in aanwezigheid van zuurstof) en anaerobe (groeit in afwezigheid van zuurstof) gram-positieve agentia en aerobe gram-positieve micro-organismen, waaronder die welke beta-lactamase produceren (het enzym dat <a href=\"https:\/\/www.apotheek-erica.nl\/online\/cephalexin\/\" data-internallinksmanager029f6b8e52c=\"195\" title=\"Cephalexin\">penicilline<\/a> vernietigt). Het kaliumclavulanaat in de formulering zorgt ervoor dat Augmentin resistent is tegen bacteri\u00eble beta-lactamase activiteit. Dit geneesmiddel wordt gebruikt voor de behandeling van longontsteking en andere besmettelijke ziekten van de luchtwegen, ziekten van het maag-darmstelsel, het urogenitale stelsel, infecties na een operatie en andere.<\/p>\n<h3>Hoe moet Augmentin worden ingenomen?<\/h3>\n<p>Als u de tabletten inneemt, slikt u ze gewoon door met een vol glas water. Gebruikt u het poeder in een glas water, zorg er dan voor dat u dit doet na het eten van iets of tijdens het eten en doe dit op vaste tijden. Op die manier is de kans kleiner dat u de dosis vergeet.De duur van de behandeling hangt af van de ernst van de infectie en de precieze plaats ervan, maar ligt meestal tussen vijf en 14 dagen. In extreme gevallen kan het echter langer zijn. Het is belangrijk de behandeling niet te onderbreken of te stoppen. U moet de behandeling volledig afmaken, ook al zijn uw symptomen al dit bier. Dit betekent niet dat de bacteri\u00ebn verdwenen zijn, dus maak uw behandeling af.<\/p>\n<h3>Voordat u dit geneesmiddel inneemt<\/h3>\n<p>Als u allergisch bent voor amoxicilline en clavulanaatkalium of als u -u een ernstige nierziekte heeft (of aan de dialyse bent); -u leverproblemen of geelzucht heeft gehad bij het gebruik van amoxicilline en clavulanaat kalium; of -u allergisch bent voor een penicilline of cefalosporine <a href=\"https:\/\/www.apotheek-erica.nl\/online\/minocycline\/\" data-internallinksmanager029f6b8e52c=\"52\" title=\"Minocycline\">antibiotica<\/a>, zoals Amoxil, Ceftin, Cefzil, Moxatag, Omnicef, en anderen.<\/p>\n<p>Een overdosis kan misselijkheid, braken, maagpijn, diarree, huiduitslag, slaperigheid, hyperactiviteit en verminderd urineren veroorzaken.<\/p>\n<h3>Wat te vermijden<\/h3>\n<p>Neem dit geneesmiddel ten minste \u00e9\u00e9n uur voor of twee uur na een vetrijke maaltijd in. Dit maakt het moeilijker voor uw lichaam om het geneesmiddel op te nemen.<\/p>\n<p>Antibiotica kunnen diarree veroorzaken. Neem contact op met uw arts voordat u een geneesmiddel tegen diarree inneemt, als u waterige of bloederige diarree heeft.<\/p>\n<p>Neem dit geneesmiddel niet in als u zwanger bent, tenzij uw arts u dat zegt. Amoxicilline en clavulanaat kalium kunnen overgaan in de moedermelk en kunnen schadelijk zijn voor een zogende baby.<\/p>\n<p>Neem dit geneesmiddel niet in zonder overleg met uw arts als u borstvoeding geeft.<\/p>\n<p>Amoxicilline en clavulanaat kalium kunnen de werking van anticonceptiepillen verminderen. Vraag uw arts of u een niet-hormonale anticonceptiemethode (condoom, pessarium met zaaddodend middel) kunt gebruiken om zwangerschap te voorkomen.<\/p>\n","protected":false},"excerpt":{"rendered":"<p>Augmentin is een semi-synthetisch antibioticum met een breed spectrum van antibacteri\u00eble werking, dat zowel gramnegatieve als grampositieve bacteri\u00ebn omvat. Het kaliumclavulanaat in dit geneesmiddel zorgt ervoor dat Augmentin resistent is tegen bacteri\u00eble beta-lactamase activiteit. Dit geneesmiddel wordt gebruikt om longontsteking en andere infecties van de luchtwegen, gastro-intestinale infecties, infecties van de urinewegen en infecties van de huid en weke delen te behandelen.<\/p>\n<h3>Prijs van Augmentin<\/h3>\n<p>De kosten van Augmentin vari\u00ebren van \u20ac35,9 tot \u20ac562,4 per pil. Het hangt af van de grootte van de verpakking en de hoeveelheid werkzame stof (375 of 1000 mg). U kunt Augmentin zonder recept bestellen via onderstaande link. Het is absoluut veilig en anoniem. De bestelling wordt per post bezorgd.<\/p>\n","protected":false},"featured_media":4088,"comment_status":"open","ping_status":"closed","template":"","meta":[],"product_brand":[],"product_cat":[886],"product_tag":[],"class_list":{"0":"post-5008","1":"product","2":"type-product","3":"status-publish","4":"has-post-thumbnail","6":"product_cat-antibiotica","7":"pa_actief-ingredient-clavulanaat","8":"pa_actief-ingredient-clavulanate","9":"sales-flash-overlay","10":"woocommerce-text-align-center","11":"woocommerce-image-align-center","13":"first","14":"instock","15":"shipping-taxable","16":"product-type-external"},"amp_enabled":true,"_links":{"self":[{"href":"https:\/\/www.apotheek-erica.nl\/online\/wp-json\/wp\/v2\/product\/5008","targetHints":{"allow":["GET"]}}],"collection":[{"href":"https:\/\/www.apotheek-erica.nl\/online\/wp-json\/wp\/v2\/product"}],"about":[{"href":"https:\/\/www.apotheek-erica.nl\/online\/wp-json\/wp\/v2\/types\/product"}],"replies":[{"embeddable":true,"href":"https:\/\/www.apotheek-erica.nl\/online\/wp-json\/wp\/v2\/comments?post=5008"}],"wp:featuredmedia":[{"embeddable":true,"href":"https:\/\/www.apotheek-erica.nl\/online\/wp-json\/wp\/v2\/media\/4088"}],"wp:attachment":[{"href":"https:\/\/www.apotheek-erica.nl\/online\/wp-json\/wp\/v2\/media?parent=5008"}],"wp:term":[{"taxonomy":"product_brand","embeddable":true,"href":"https:\/\/www.apotheek-erica.nl\/online\/wp-json\/wp\/v2\/product_brand?post=5008"},{"taxonomy":"product_cat","embeddable":true,"href":"https:\/\/www.apotheek-erica.nl\/online\/wp-json\/wp\/v2\/product_cat?post=5008"},{"taxonomy":"product_tag","embeddable":true,"href":"https:\/\/www.apotheek-erica.nl\/online\/wp-json\/wp\/v2\/product_tag?post=5008"}],"curies":[{"name":"wp","href":"https:\/\/api.w.org\/{rel}","templated":true}]}}