{"id":5024,"date":"2025-07-04T23:07:45","date_gmt":"2025-07-04T22:07:45","guid":{"rendered":"https:\/\/www.apotheek-erica.nl\/online\/?post_type=product&#038;p=5024"},"modified":"2025-07-13T10:49:19","modified_gmt":"2025-07-13T09:49:19","slug":"diflucan","status":"publish","type":"product","link":"https:\/\/www.apotheek-erica.nl\/online\/diflucan\/","title":{"rendered":"Diflucan"},"content":{"rendered":"<h3>Hoe werkt Diflucan (Fluconazol)?<\/h3>\n<p>Diflucan (Fluconazol) is een antischimmelantibioticum dat wordt gebruikt om schimmelinfecties, candidiasis genaamd, te behandelen. Dit geneesmiddel wordt voorgeschreven voor de behandeling van soorten infecties zoals vaginale infecties, keelinfecties, schimmelinfecties, urineweginfecties, buikvliesontsteking en longontsteking. Diflucan werkt door gevoelige schimmels te doden door de vorming van het schimmelcelmembraan te verstoren.<\/p>\n<h3>Indicaties en contra-indicaties<\/h3>\n<p>In termen van indicaties of redenen waarom we dit geneesmiddel aan een pati\u00ebnt voorschrijven. Het wordt vaak gebruikt bij de behandeling van verschillende vormen van candidiasis, een soort gist. Het kan ook worden gebruikt voor systemische candida-infecties.<\/p>\n<p>Vertel uw arts of apotheker, voordat u fluconazol inneemt, of u allergisch bent voor fluconazol of voor andere azole antischimmelmiddelen (zoals <a href=\"https:\/\/www.apotheek-erica.nl\/online\/nizoral\/\" data-internallinksmanager029f6b8e52c=\"177\" title=\"Nizoral\">ketoconazol<\/a>, itraconazol) of als u andere allergie\u00ebn heeft. Dit middel kan inactieve bestanddelen bevatten die allergische reacties of andere problemen kunnen veroorzaken.<\/p>\n<h3>Dosering<\/h3>\n<p>Bij de behandeling van vaginale candidiasis of schimmelinfectie, en als het ongecompliceerd is, wordt meestal 150 milligram oraal gegeven in een enkele dosis. Bij een gecompliceerde infectie kan de pati\u00ebnt echter gedurende twee of drie doses elke 72 uur 150 milligram oraal krijgen.<br \/>\nIn geval van herhaling kan de pati\u00ebnt gedurende 10-14 dagen elke 72 uur 150 milligram oraal krijgen en vervolgens gedurende zes maanden eenmaal per week 150 milligram.<\/p>\n<p>Deze medicijnen worden gewoonlijk op elk moment van de dag ingenomen, met of zonder voedsel, of zoals voorgeschreven door uw arts. Het effect van dit geneesmiddel houdt enkele dagen aan. Als uw toestand na enkele dagen niet verbetert, als deze verergert, of als u denkt dat u een ernstig medisch probleem heeft, ga dan onmiddellijk naar een arts.<\/p>\n<h3>Percentage bijwerkingen<\/h3>\n<p>Tussen 2 en 13% van de pati\u00ebnten kan hoofdpijn krijgen. Terwijl 1% duizeligheid kan ervaren. In 2% van de gevallen kan huiduitslag optreden. En 4-7% van de pati\u00ebnten kan misselijkheid ervaren. Twee tot 6% van de pati\u00ebnten kan buikpijn ervaren en braken kan voorkomen in 2 tot 5% van de gevallen. Twee tot 3% van de pati\u00ebnten kan diarree ervaren en in 1% van de gevallen kan dyspepsie optreden.<\/p>\n<p>Zeldzamere maar ernstige bijwerkingen zijn DRES (drug reaction with the eosinophilia) en systemische symptomen of tremor.<\/p>\n","protected":false},"excerpt":{"rendered":"<p>Fiflucan (fluconazol) interfereert met de cytochroom P450-activiteit van schimmels. Het vermindert de synthese van ergosterol en remt de vorming van celmembranen. Dit geneesmiddel behoort tot een klasse van geneesmiddelen genaamd azole antischimmelmiddelen.<\/p>\n<h3>Prijs van Diflucan<\/h3>\n<p>De kosten van Diflucan vari\u00ebren van \u20ac30,8 tot \u20ac709,2 per pil. De prijs is afhankelijk van de grootte van de verpakking en de hoeveelheid werkzame stof (50 of 400 mg). U kunt de actuele prijs controleren via onderstaande links.<\/p>\n","protected":false},"featured_media":4014,"comment_status":"open","ping_status":"closed","template":"","meta":[],"product_brand":[],"product_cat":[870],"product_tag":[],"class_list":{"0":"post-5024","1":"product","2":"type-product","3":"status-publish","4":"has-post-thumbnail","6":"product_cat-anti-schimmel","7":"pa_actief-ingredient-fluconazol","8":"pa_actief-ingredient-fluconazole","9":"sales-flash-overlay","10":"woocommerce-text-align-center","11":"woocommerce-image-align-center","13":"first","14":"instock","15":"shipping-taxable","16":"product-type-external"},"amp_enabled":true,"_links":{"self":[{"href":"https:\/\/www.apotheek-erica.nl\/online\/wp-json\/wp\/v2\/product\/5024","targetHints":{"allow":["GET"]}}],"collection":[{"href":"https:\/\/www.apotheek-erica.nl\/online\/wp-json\/wp\/v2\/product"}],"about":[{"href":"https:\/\/www.apotheek-erica.nl\/online\/wp-json\/wp\/v2\/types\/product"}],"replies":[{"embeddable":true,"href":"https:\/\/www.apotheek-erica.nl\/online\/wp-json\/wp\/v2\/comments?post=5024"}],"wp:featuredmedia":[{"embeddable":true,"href":"https:\/\/www.apotheek-erica.nl\/online\/wp-json\/wp\/v2\/media\/4014"}],"wp:attachment":[{"href":"https:\/\/www.apotheek-erica.nl\/online\/wp-json\/wp\/v2\/media?parent=5024"}],"wp:term":[{"taxonomy":"product_brand","embeddable":true,"href":"https:\/\/www.apotheek-erica.nl\/online\/wp-json\/wp\/v2\/product_brand?post=5024"},{"taxonomy":"product_cat","embeddable":true,"href":"https:\/\/www.apotheek-erica.nl\/online\/wp-json\/wp\/v2\/product_cat?post=5024"},{"taxonomy":"product_tag","embeddable":true,"href":"https:\/\/www.apotheek-erica.nl\/online\/wp-json\/wp\/v2\/product_tag?post=5024"}],"curies":[{"name":"wp","href":"https:\/\/api.w.org\/{rel}","templated":true}]}}